*k + 16. Suppose 0*w + k*x + 37 = 2*w, 28 = 3*w - 2*x. Calculate the greatest common factor of 9 and w.
3
Suppose -2*o + 43 = -45. Calculate the greatest common factor of o and 11.
11
Let h be (1/2)/(-8 + 7932/992). Let m = -114 - h. What is the greatest common factor of m and 5?
5
Let h = 149 + 15. Suppose 53 + 29 = 2*c. Calculate the highest common divisor of h and c.
41
Suppose 26 = 7*r + 61. Let p be 2/((4 - 1) + r) - -5. What is the greatest common factor of p and 36?
4
Let k(r) = -7*r**3 + 3*r**2 - 5*r - 10. Let s be k(-3). Let j be (-3)/(-2)*-2 - s/(-17). What is the highest common divisor of j and 120?
10
Let s(q) = 4*q**2 - 2*q + 4. Let o be s(6). Suppose t + 6*v - 2*v + 3 = 0, 46 = 3*t + v. What is the highest common divisor of o and t?
17
Suppose -2*i = 3*i + j - 312, -i - 5*j + 48 = 0. What is the greatest common divisor of i and 28?
7
Let n be ((-627)/(-33))/(2/4). Calculate the highest common divisor of 1691 and n.
19
Suppose -2*w - 3*r = r - 64, w + 3*r = 37. What is the greatest common factor of 88 and w?
22
Suppose 0 = -23*c + 1425 + 208. What is the greatest common divisor of 71 and c?
71
Let q = -683 - -1115. Calculate the highest common factor of q and 32.
16
Let s(c) = -3*c + 60. Let d be s(4). Calculate the highest common divisor of 400 and d.
16
Let u be 4 + (4 - 4)/1. Suppose -2*c + u = -4. Calculate the greatest common factor of c and 32.
4
Let z(q) = -2*q + 4. Let f be z(0). Suppose -f*b + 60 = -0*b. Calculate the highest common factor of 10 and b.
5
Suppose 0 = -5*d - 3*z + 591, 2*d + 6*d = -2*z + 940. What is the highest common divisor of 195 and d?
39
Let l be 3*(-1)/3*-95. Calculate the greatest common factor of l and 133.
19
Let w be 4/(((-119)/(-42))/17). What is the highest common divisor of w and 108?
12
Let r be 130/156 + (-127)/(-6). Suppose 3*a - 240 = 90. Calculate the highest common factor of a and r.
22
Let i be -4 - (-266)/(-21) - (-2)/3. Let r = -13 - i. Calculate the highest common divisor of r and 3.
3
Suppose -f + 55 = 5*u, -3*u + 2*f - 4*f = -40. Suppose 40 = 7*m + m. What is the greatest common factor of m and u?
5
Let u(j) = -j**3 - 4*j**2 + 10*j + 10. Let s be u(-6). Calculate the greatest common factor of 3 and s.
1
Let y = -26 + 30. Suppose -y*n = -17 - 79. Let s(h) = -2*h - 3. Let o be s(-3). What is the highest common divisor of o and n?
3
Suppose 4*s + 728 = 4*a - 0*a, -5*s = 3*a - 586. What is the greatest common divisor of a and 17?
17
Let c(o) = 7*o + 5. Let s be c(-8). Let f = -38 - s. What is the highest common factor of f and 91?
13
Suppose 3 = 38*q - 35*q. Let g(i) = 12*i**3 + i**2 - 2*i + 2. Let f be g(q). Calculate the highest common factor of f and 52.
13
Let a(v) = 3*v**2 + 3*v + 12. Let g be a(2). Calculate the highest common divisor of g and 640.
10
Suppose 0 = -3*o - 3*j + 69, -75 = -3*o + 5*j + 34. Let k be (14/5)/((-1)/(-15)). What is the greatest common factor of k and o?
14
Let d = -398 + 433. Calculate the greatest common factor of 25 and d.
5
Let o = -88 - -221. Let d be 22/2 + 3*(-4)/3. Calculate the greatest common divisor of o and d.
7
Let l = 390 - -177. Calculate the greatest common factor of 126 and l.
63
Let y be (((-102)/(-4))/3)/(11/286). What is the greatest common divisor of y and 143?
13
Let i = -22 + 8. Let q be (i/10)/(4/(-20)). Let t = -5 + q. Calculate the highest common factor of 18 and t.
2
Let g be 1 + ((-6)/(-3) - -2). Suppose 0 = h - g - 6. Calculate the highest common divisor of h and 11.
11
Let y = 521 + -484. Suppose -5*g + 48 = 3*t - 45, -g = -4*t + 101. Let c = y - t. What is the highest common divisor of c and 11?
11
Let w = 1885 - -737. Calculate the highest common factor of 38 and w.
38
Suppose -6*h + 5*f - 220 = -9*h, 9*h + 5*f - 670 = 0. Calculate the highest common divisor of 315 and h.
15
Suppose -4*g + 32 = 4*g. Suppose g*j - 36 = -0*j. Calculate the highest common divisor of 3 and j.
3
Let w be 4 - ((3 - 179) + 0). Calculate the greatest common divisor of 20 and w.
20
Let a be 0 - (-6 - -3)*2. Suppose 0 = d + 2*d - 15. Suppose u + 8 = 2*b + 5*u, -a = -2*b - d*u. Calculate the greatest common divisor of 2 and b.
2
Let n be ((-216)/42)/(-1 + (-220)/(-224)). Let d be (10/(-14) - 1)*-21. What is the highest common divisor of n and d?
36
Suppose 2*j - 5*i = 43, -2*j + 26 = -4*i - 20. What is the greatest common divisor of j and 87?
29
Suppose 0 = -w - 4*w - 25, 3*h + 4*w = -8. Suppose y = -h*d + 5*y, -2*d - 2*y = -20. Suppose 0 = 4*a - 6 - 14. Calculate the greatest common divisor of a and d.
5
Let i(c) = -2*c - 5. Let f be i(-4). Let a be 28*f*(-4)/(-24). Suppose 0 = -a*u + 19*u - 200. Calculate the highest common divisor of 16 and u.
8
Let l(x) = -x**2 - 5*x + 1. Let z be l(5). Let p = z - -187. Suppose -a = -3*k - p, -a = -0*a + 2*k - 153. What is the greatest common factor of a and 21?
21
Let r = 69 + -21. What is the greatest common divisor of 6 and r?
6
Let p = -59 - -94. Let c = -955 - -965. What is the greatest common divisor of p and c?
5
Let v be (-2689)/(-9) + (-16)/(-72). Let f = v - 208. What is the greatest common divisor of 13 and f?
13
Suppose 0 = h - 37 + 40. Let p(f) = -5*f - 6. Let g be p(h). Calculate the greatest common divisor of 9 and g.
9
Suppose 184 = 4*g - 4*u, -2*u = -5 + 7. Let j(d) = -d**3 - d**2 + d + 18. Let a be j(0). What is the highest common factor of g and a?
9
Suppose 2*g = 227 + 345. Let p be g + (-2 - 2)/(-2). Suppose -j + 4*j = p. What is the highest common divisor of j and 12?
12
Suppose 12 = 4*d - 4. Suppose 8 = -3*g + 26. Let t = 7 - g. Calculate the greatest common factor of t and d.
1
Let b(t) = -t**3 + 5*t**2 + 8*t - 11. Let g be b(6). Let i be g/((-375)/126 + 3). What is the greatest common factor of i and 21?
21
Suppose 0 = -5*g + 394 - 6264. Let b = -740 - g. Let c be -2*1 + b/7. Calculate the greatest common factor of c and 40.
20
Suppose -3*g + 6 = -2*n - 2*n, 3*g + 2*n + 12 = 0. Let l be 19*(g/9 - 11/(-9)). What is the highest common divisor of l and 19?
19
Suppose 5*t = -0*t + 5. Let o be -5 - (-2 + (t - 0)). Let l be (4 - (-24)/o) + 32. Calculate the highest common factor of 20 and l.
10
Let a = -554 + 610. Calculate the greatest common divisor of 21 and a.
7
Suppose q + 6*q = 0. Suppose 2*r + 9 = w - r, -2*w - r + 32 = q. What is the highest common factor of 60 and w?
15
Let b = 104 - 187. Let q = -11 - b. Suppose -4*r + 7*r = q. What is the greatest common divisor of 12 and r?
12
Let b = 1357 + -1324. What is the greatest common divisor of b and 759?
33
Suppose j - 2*v - 7 = 0, 4*j + 2*v + 0*v = 28. Let b be (1 + 10)*(18 - (-6 + j)). What is the highest common factor of 17 and b?
17
Let w(q) = q**2 - 34*q + 259. Let d be w(10). Calculate the greatest common factor of d and 247.
19
Let v(h) = h**3 + 23*h**2 - 40*h + 66. Let m be v(-12). Calculate the highest common divisor of 30 and m.
30
Let b(j) = 100*j**2 + 59*j + 173. Let n be b(-3). Calculate the greatest common divisor of n and 16.
16
Let v = -288 - -292. What is the greatest common divisor of v and 36?
4
Let i be 130/39 - (-4)/6. Suppose u - l - 17 = -3*l, -3*u - i*l + 49 = 0. Calculate the greatest common factor of 15 and u.
15
Suppose -4*b + 3*u = 96 + 263, 93 = -b + 4*u. Let y = 105 + b. Calculate the highest common divisor of y and 288.
16
Suppose -4*f - 5828 = -3*s - 24466, 2*s = -2*f + 9312. Calculate the greatest common factor of f and 34.
34
Suppose -3*i - 2*i + 70 = -5*p, 2*p = 0. Suppose 40 = -9*m + i*m. Suppose 4*k = g + 66, -k + g = -0*k - 18. Calculate the highest common factor of m and k.
8
Suppose 1 = -2*p + 3. Let i be (4*(-3)/(-12))/((-3)/(-27)). Suppose -3*z = -i*z + 6. What is the greatest common factor of z and p?
1
Let n be ((-4)/4)/(1/(-3)). Suppose 5*u - 281 = h, 0 = -2*u + n*h - 42 + 157. Calculate the greatest common divisor of u and 7.
7
Suppose -13 = -c + 3*q, 44 = 4*c - 3*q + 10. Suppose 11*k - 468 = c*k. What is the highest common factor of 13 and k?
13
Suppose -9*l + 80 = -7*l - 2*d, 0 = -l - d + 30. Calculate the greatest common factor of 1435 and l.
35
Let u be (((-94)/5)/(-1))/(12/30). Calculate the highest common factor of u and 3.
1
Suppose -24*w - 2040 = -58*w. What is the highest common divisor of 45 and w?
15
Let h(k) = 24*k**3 + 2*k**2 - k + 2. Suppose -2*m + 7 = 3. Let u be h(m). What i